+ -30*2/12.
2, 3, 5, 7, 11
Let x = -404 - -1061. Suppose -3*c + 0*c = -4*f + x, 5*f - 445 = 2*c. What are the prime factors of ((c/(-5))/(-1))/(-1)?
43
Suppose -1651 = -3*n + h, -4*n + 12*h = 8*h - 2204. Suppose -5*y = 0, -3*y = -5*c + y + n. List the prime factors of c.
2, 5, 11
What are the prime factors of (362285/(-308))/((-10)/176)?
2, 11, 941
Let h(m) = 1494*m**2 - 77*m + 134. List the prime factors of h(2).
2, 1489
Suppose 5*g - 2*s - 17 = -4, -5*g + 16 = s. Suppose 3*r = 2*t - 407 - 20, 3*t + g*r = 663. What are the prime factors of t?
2, 109
Suppose 38*z = 34*z - 48. Let w be z/8*(-16)/3. Suppose -1611 + 531 = -w*j. List the prime factors of j.
3, 5
Let t be (6/18)/(1/(-9)). Let w be t/(-6)*(1 - -9) - 0. Suppose s - w*y - 169 = 0, -7*y = -3*y + 20. What are the prime factors of s?
2, 3
Suppose -10*z - 6932 = -21522. Let h = z + -676. What are the prime factors of h?
3, 29
Suppose 109 = -12*r - 83. Let l(p) = -p - 13. Let m be l(r). Suppose a = -f - m*a + 161, -f = a - 161. What are the prime factors of f?
7, 23
Let x(h) = 8*h**3 + 2*h**2 - h. Let v be x(1). Let i = v - -68. Let t = 135 - i. List the prime factors of t.
2, 29
Let q = 269 - 259. Suppose 540 = t - 4*y, -q = t - y - 538. List the prime factors of t.
2, 131
Let o = 2456 - -32528. What are the prime factors of o?
2, 4373
Suppose 10*m = 23365 + 28715. Suppose 8*w + 0*w = m. List the prime factors of w.
3, 7, 31
Let b = 43002 - 15595. List the prime factors of b.
27407
Let j be (4/5)/((-8)/(-20)). Let r(x) = 132*x**2 + 4*x - 8. What are the prime factors of r(j)?
2, 3, 11
What are the prime factors of 19695 + ((-1824)/285 - (-14)/10)?
2, 5, 11, 179
Suppose -2*y + 44990 = 3*w, -12*w - 44988 = -2*y - 16*w. List the prime factors of y.
2, 7, 1607
Let y = 260 + -489. Let m = 1033 + -560. Let v = y + m. What are the prime factors of v?
2, 61
Let w = 8628 + -7329. What are the prime factors of w?
3, 433
List the prime factors of 58/406 + 7/(147/215058).
7, 11, 19
Let g(j) = -47*j**3 + 5*j**2 - 2*j - 52. What are the prime factors of g(-7)?
2, 13, 157
Let g be 1075/3 + 2/3 - -3. Let q = g + 45. List the prime factors of q.
11, 37
Let x(v) = 5*v**2 - v - 4. Let d(c) = c - 2*c + 2*c. Let m(y) = -2*d(y) + x(y). What are the prime factors of m(4)?
2
Suppose -4*g = 5*m - 5386, -g - 4292 = -27*m + 23*m. Suppose -4*i - m = -4242. What are the prime factors of i?
2, 3, 11
Suppose 966 - 204 = j. Suppose 3*m = -l + 244, j = 3*l - m - 0*m. Suppose -6*f + l = -305. What are the prime factors of f?
3, 31
Suppose -28 = -y + 12. Suppose -24 = -43*a + y*a. What are the prime factors of ((-6318)/52)/((-6)/a)?
2, 3
Suppose 4*o + 10 = 9*o - 5*c, 20 = -5*c. What are the prime factors of (-1324)/o - (6 - 0)?
2, 41
Let b = 22087 - 13215. List the prime factors of b.
2, 1109
List the prime factors of (429/11)/13 - (-5065 + -3 + 4).
3, 563
Let q = 826 - -641. What are the prime factors of q?
3, 163
Let r(k) = -3*k**3 - 19*k**2 - 21*k - 24. Let l(w) = -2*w**3 - 10*w**2 - 11*w - 12. Let q(g) = 5*l(g) - 3*r(g). What are the prime factors of q(8)?
2, 3
Let r(p) = -47*p + 21. Let c be r(-7). Suppose 0 = -u - j + c, 6*u - 3*j - 1414 = 2*u. List the prime factors of u.
2, 11
Let y = -145 - -152. What are the prime factors of 1524/10 + y/((-105)/6)?
2, 19
Suppose -3*l = -m - 136, -l + 4*l + 227 = -2*m. Suppose -6*u = -1096 - 32. Let w = u + m. List the prime factors of w.
67
Let p(l) = -l - l + 2*l - l. Let d(q) = -8*q + 56. Let i(t) = d(t) - 12*p(t). What are the prime factors of i(0)?
2, 7
Suppose -6*m + 3*m + 204 = 0. Let g(i) = -24*i - 7*i - m + 6*i. What are the prime factors of g(-12)?
2, 29
Suppose -4*t + 16 = 0, -5*t + 5975 = 2*h - 675. What are the prime factors of h?
3, 5, 13, 17
Let p = 812 - -2976. List the prime factors of p.
2, 947
Suppose -3*k - 5 = h - 3, 4*h + 8 = 4*k. What are the prime factors of (h - (-43 - 1))*(-552)/(-161)?
2, 3
Let x be 12/(-16) - (-5)/(60/4689). Let z = x + -116. What are the prime factors of z?
2, 137
Let n(v) = 199*v - 3. Let d be n(9). Let b be d/16 - (-6)/(-8). Let t = 239 - b. What are the prime factors of t?
2
Let k(b) = b**2 + 29*b + 67. Let j be k(-27). Suppose -5*r - j = -3*u, r - 3*r - 30 = 5*u. What are the prime factors of ((-53)/u)/(19/76)?
53
Let d = -76 + 122. Let k = 58 - d. Suppose 17*g = k*g + 135. What are the prime factors of g?
3
Suppose o + d - 565 - 152 = 0, 5*d = -35. List the prime factors of o.
2, 181
Let u = -96 + 101. Suppose u*i - 859 = -5*y + 3791, i = 0. Suppose -5*o + l + y = 0, 6*l = 2*l + 20. What are the prime factors of o?
11, 17
Let w be (-310)/(-20) - (-2)/(-4). Suppose -w*d = -21*d + 30. Suppose 37 = 2*p - p + 4*k, 4*p - d*k = 253. What are the prime factors of p?
3, 19
Let q = 234 + -237. List the prime factors of (q/2)/(-1 - (-13)/16).
2
List the prime factors of ((-6 + 5)*-4)/7 + 267906/21.
2, 6379
Let f be (-232)/(-28) + (-4)/14. Suppose -h - f = -i + 10, 0 = -2*i - h + 24. Let l = 77 - i. List the prime factors of l.
3, 7
What are the prime factors of 931 - (-3 - 196/(-14))?
2, 5, 23
What are the prime factors of ((-1494)/(-15))/((-28)/(-98) + 426/(-1540))?
2, 3, 11, 83
List the prime factors of -1*(9 - ((2 - -4) + 34762)).
34759
Let s be (-2 + -37789)/(21/(-14)). Suppose 38*k - s = 4*k. List the prime factors of k.
3, 13, 19
Suppose -3*g = 4*g - 63. Suppose 0*z - z = -47. Let v = z - g. What are the prime factors of v?
2, 19
Let p be ((-378)/4)/(17/(-102)). What are the prime factors of 125928/p - 4/42?
2, 3, 37
Suppose 272 = -2*h - 15*h. What are the prime factors of 556 + 8/h*2?
3, 5, 37
Let c(n) = -92*n - 3692. List the prime factors of c(-56).
2, 5, 73
Suppose 0*r = r. Suppose 2*a = -6, 5 = -4*m + 5*a + 28. Suppose -4*k + 319 = -0*k + i, r = 4*k + m*i - 322. What are the prime factors of k?
79
Suppose 469 + 700 = 7*v. Suppose -v*a = -160*a - 4935. What are the prime factors of a?
3, 5, 47
Suppose -27*b - 1255 = -32*b. Suppose -b*m = -265*m + 16744. What are the prime factors of m?
2, 13, 23
What are the prime factors of ((-2933)/(-7) + 18)/(2 - 213/108)?
2, 3, 19, 23
Let f(o) = 2*o + 22. Let j be f(-11). Suppose p = 3*p + 2*x - 1650, 3*p - 2*x - 2470 = j. Suppose 6*w + 74 = p. What are the prime factors of w?
5
Let i(d) = 204*d - 9499. List the prime factors of i(63).
7, 479
Let p(q) = q**3 + 20*q**2 - 23*q - 34. Let h be p(-20). Let m = 428 + h. List the prime factors of m.
2, 7, 61
What are the prime factors of 4 - (-158701)/5 - (-14)/(-70)?
2, 31
Let r be ((-128)/448)/(1/(-14)). Suppose r*s = -v + 560, -2*s - 2910 = -16*v + 11*v. What are the prime factors of v?
2, 5, 29
Suppose -1 = -2*q - 1. Suppose 7*y - 406 = -q*y. Let p = y - -4. What are the prime factors of p?
2, 31
Suppose -q = 4*v - 2163 - 626, -3*q + 4*v = -8319. List the prime factors of q.
2777
Suppose -5*t - 6 = t. Let o be 1/(-5 + t) - 2/(-12). Suppose o = 3*v + b - 239, b = -4*v - 0*v + 318. List the prime factors of v.
79
What are the prime factors of 28112 - (2/(-4)*0)/(-36 + 34)?
2, 7, 251
Let g(w) = 2*w**2 - w + 6. Let s be g(-4). Suppose 5*b - 79 = 2*x - 8, 0 = 3*b - x - s. Suppose -185 = b*y - 1615. What are the prime factors of y?
2, 5, 11
Let t(r) = r**3 - 6*r - 5. Let u be t(-2). What are the prime factors of (0/u - -4) + 358?
2, 181
Let b be (1890/(-27))/((-2)/8). Suppose 0 = -43*v + 41*v + b. What are the prime factors of v?
2, 5, 7
Let p(q) = 7068*q**2 - 39*q + 39. What are the prime factors of p(1)?
2, 3, 19, 31
Suppose 17*t - 131667 = -32870 + 26969. What are the prime factors of t?
2, 3, 137
Let w be -3 + 3/3*(29 + -32). Let z(a) = -a**2. Let t(y) = -14*y**2 - 2*y + 4. Let p(x) = -t(x) + 6*z(x). What are the prime factors of p(w)?
2, 17
Let n(i) = -i**3 + 7*i**2 + 9*i - 9. Let z be -2 + -2 - (-36)/3. Suppose -4*w - r + 22 = 0, 2*w - r = z + 6. What are the prime factors of n(w)?
3
Let c = -9503 + 14535. List the prime factors of c.
2, 17, 37
Let s = 4018 + -2390. Suppose 14*m = 10*m + s. What are the prime factors of m?
11, 37
Let b(y) = -90*y + 277*y - 10 + 118*y. Let f be b(4). Suppose 9*u - f = -13. What are the prime factors of u?
7, 19
Suppose -4*b - 5*k = -192, -b + 6*b - k - 240 = 0. Suppose -m - b + 231 = 2*v, 5*m + 177 = 2*v. Suppose v = 2*u + 13. List the prime factors of u.
3, 13
Suppose -2*d + 18 = 74. List the prime factors o